ime number?
False
Is 17365854719 composite?
True
Is 17957935081 prime?
True
Is 382520218 composite?
True
Is 5055813353 a composite number?
True
Is 1414979441 prime?
True
Is 17338073453 a composite number?
False
Is 1236440011 composite?
True
Is 88046719 a composite number?
True
Is 1548262021 a prime number?
True
Is 3007876831 a composite number?
False
Is 1632513739 a prime number?
False
Is 8595872947 a prime number?
True
Is 328788839891 a composite number?
False
Is 558274777 prime?
False
Is 291119722111 a prime number?
True
Is 229220183 prime?
True
Is 312579151 a composite number?
True
Is 556790257 a prime number?
False
Is 1253740817 prime?
False
Is 1197384337 composite?
False
Is 5384136497 a prime number?
True
Is 9441346877 prime?
False
Is 871603877 a prime number?
True
Is 171273775463 composite?
True
Is 2379559723 composite?
False
Is 43205113817 a composite number?
False
Is 2395939327 a composite number?
False
Is 309620041 prime?
False
Is 9353236759 prime?
False
Is 981521677 composite?
True
Is 456155387 a prime number?
True
Is 312372130165 a composite number?
True
Is 58067677 composite?
False
Is 2433422579 composite?
True
Is 10143141523 composite?
True
Is 68575835689 prime?
False
Is 81280139341 composite?
False
Is 344459033 composite?
False
Is 422918009 prime?
True
Is 541472341 a prime number?
False
Is 14260902553 composite?
False
Is 2644852757 a composite number?
False
Is 7705723583 a prime number?
False
Is 480220901 a composite number?
False
Is 2469572993 a prime number?
True
Is 199138073 prime?
True
Is 374939003 a composite number?
True
Is 29716405 composite?
True
Is 4962554407 a prime number?
True
Is 7211124989 a composite number?
True
Is 833850091 a composite number?
False
Is 12794490886 a prime number?
False
Is 130103629 prime?
True
Is 629134771 composite?
True
Is 446857571 a composite number?
False
Is 3963378589 prime?
False
Is 26172315091 prime?
False
Is 4563076549 a prime number?
True
Is 14398078997 composite?
False
Is 627421519 a composite number?
False
Is 6120308797 prime?
False
Is 246168757 a prime number?
False
Is 1418720671 prime?
False
Is 756444757 prime?
True
Is 2293693681 prime?
False
Is 1173504649 composite?
False
Is 4672922654 a prime number?
False
Is 2083769707 a prime number?
True
Is 11354033461 a prime number?
False
Is 5341593217 composite?
False
Is 64961161601 prime?
False
Is 398527743 prime?
False
Is 238500197 composite?
True
Is 3709048901 prime?
True
Is 46990829233 composite?
True
Is 2949972061 prime?
False
Is 24884519 a composite number?
True
Is 25222148027 prime?
True
Is 12494969941 a composite number?
False
Is 425713553 composite?
True
Is 22003528763 composite?
True
Is 9772570177 prime?
True
Is 2154856567 a prime number?
True
Is 3562677523 composite?
True
Is 471246599 composite?
True
Is 2294901319 a composite number?
True
Is 79440037 a prime number?
True
Is 109850844721 a composite number?
False
Is 88722259 a prime number?
True
Is 3814505231 prime?
False
Is 5124228253 prime?
True
Is 2363268277 a composite number?
True
Is 1325206829 prime?
True
Is 15030306601 a prime number?
False
Is 154619146159 a prime number?
True
Is 6548023031 composite?
True
Is 9609762179 a prime number?
False
Is 209602747 a composite number?
False
Is 1062479749 a prime number?
False
Is 2406400837 composite?
False
Is 5353214591 a prime number?
True
Is 19148175467 a composite number?
False
Is 23044011013 a composite number?
True
Is 96206489 a composite number?
False
Is 151889027 composite?
False
Is 16754984471 prime?
True
Is 726768235 a prime number?
False
Is 5275532567 composite?
True
Is 206238121 a composite number?
False
Is 219080549 composite?
False
Is 1646771969 a composite number?
False
Is 473493589 composite?
False
Is 1596012283 a composite number?
False
Is 3908516783 prime?
True
Is 10872439 a prime number?
False
Is 8846599169 composite?
True
Is 274933259 prime?
True
Is 11195430763 a composite number?
True
Is 1670584217 prime?
False
Is 3443811671 prime?
True
Is 222776171 a composite number?
False
Is 34169032111 a composite number?
True
Is 80816383 a prime number?
True
Is 257585551 composite?
True
Is 99522985103 prime?
True
Is 8333243521 prime?
False
Is 13328876251 prime?
False
Is 2829016717 a composite number?
True
Is 4195579721 composite?
False
Is 96484919 a prime number?
True
Is 5745920857 composite?
True
Is 4892667503 a prime number?
True
Is 37704728399 a prime number?
False
Is 280895807 prime?
True
Is 424144367 a prime number?
True
Is 84066039553 a prime number?
False
Is 377924663 a composite number?
True
Is 1263484087 a prime number?
True
Is 123813389179 composite?
False
Is 2503812013 prime?
False
Is 8652441883 a prime number?
False
Is 124469579551 a composite number?
False
Is 9610024343 prime?
False
Is 49521840371 a composite number?
False
Is 4383831073 composite?
True
Is 16017941449 a prime number?
False
Is 29256996073 a composite number?
True
Is 398206139 prime?
False
Is 4830560039 composite?
True
Is 31063604921 prime?
True
Is 891837383 composite?
False
Is 8418498611 a prime number?
False
Is 26831054255 a prime number?
False
Is 93380702543 prime?
False
Is 789068773 a composite number?
True
Is 1355473211 prime?
False
Is 1871066311 prime?
True
Is 119426285753 a prime number?
False
Is 34547777207 a prime number?
True
Is 26354388739 composite?
True
Is 10205199997 a composite number?
True
Is 12939112259 composite?
False
Is 144074507341 a composite number?
True
Is 524300567 a prime number?
False
Is 454440101 a composite number?
False
Is 80036215979 a composite number?
False
Is 748263179 composite?
False
Is 2660900267 a prime number?
True
Is 15831851369 a prime number?
False
Is 6271089569 a prime number?
False
Is 29009749 a composite number?
False
Is 357040889 prime?
True
Is 13565364079 composite?
False
Is 32289913213 a composite number?
False
Is 7329172373 a prime number?
True
Is 368118511 a composite number?
False
Is 28629397 a prime number?
False
Is 18297532142 prime?
False
Is 5835716993 a prime number?
True
Is 4819485361 composite?
True
Is 2868070447 a prime number?
False
Is 36790745503 prime?
True
Is 3192506323 prime?
True
Is 4054154693 a prime number?
True
Is 22947165919 prime?
False
Is 6167053223 a prime number?
True
Is 15056401 a composite number?
False
Is 1163195513 composite?
True
Is 57823976003 a composite number?
True
Is 3475179353 composite?
True
Is 191520311 composite?
True
Is 2072973977 composite?
False
Is 1371301 prime?
True
Is 58304421449 prime?
True
Is 5124893297 prime?
True
Is 47783256977 composite?
False
Is 14772723013 a prime number?
False
Is 14685973465 a composite number?
True
Is 552994133 a prime number?
True
Is 33147816257 a prime number?
False
Is 2690818391 a composite number?
False
Is 148723739 composite?
False
Is 812102147 a composite number?
True
Is 9858030521 a composite number?
False
Is 96227773555 composite?
True
Is 777571183 prime?
False
Is 67717307909 composite?
False
Is 1408708679 composite?
True
Is 897593493 composite?
True
Is 7357419319 a prime number?
True
Is 237428503385 a prime number?
False
Is 20775017203 a composite number?
False
Is 7204928509 composite?
False
Is 5606276531 composite?
True
Is 49976608501 composite?
True
Is 2142329407 a prime number?
False
Is 12629379599 a composite number?
False
Is 14615679691 a prime number?
False
Is 20816834773 prime?
False
Is 37034795407 a prime number?
False
Is 168845093341 composite?
False
Is 76327997933 composite?
True
Is 587362493 prime?
False
Is 648995573 a composite number?
False
Is 1055567749 prime?
True
Is 22520840827 prime?
False
Is 13169117527 composite?
True
Is 392131981 a composite number?
False
Is 146897363 prime?
False
Is 515830703 prime?
True
Is 4588958779 composite?
True
Is 458489663 prime?
True
Is 5758714849 composite?
True
Is 963796787 a prime number?
True
Is 558751681 a composite number?
True
Is 343041947 composite?
False
Is 4416287219 composite?
False
Is 2180603093 prime?
False
Is 5636822759 prime?
True
Is 131517862523 a prime number?
False
Is 12055838857 prime?
False
Is 33453789653 prime?
False
Is 12266334974 a composite number?
True
Is 256971017 a prime number?
False
Is 35543042533 composite?
False
Is 103713441823 a composite number?
False
Is 2525966791 a prime number?
False
Is 21897791459 a composite number?
False
Is 3664702109 comp